what is 1c - 293?
-274
In base 14, what is 2 + -1?
1
In base 6, what is -1 - 3413?
-3414
In base 8, what is 3 - 2144?
-2141
In base 16, what is -c - -7e?
72
In base 6, what is -2 + 105?
103
In base 9, what is 24 - 2?
22
In base 14, what is 8 - -3?
b
In base 8, what is -2 + 35?
33
In base 5, what is 3 + -23?
-20
In base 6, what is -2052 + 4?
-2044
In base 13, what is 20 + -1?
1c
In base 7, what is 21 - 0?
21
In base 8, what is -16 + -60?
-76
In base 6, what is -1412 - 2?
-1414
In base 2, what is 11100 - -1011101?
1111001
In base 11, what is -26 + -68?
-93
In base 13, what is -1 - 13?
-14
In base 9, what is -6 - 510?
-516
In base 10, what is -4859 + -1?
-4860
In base 4, what is -3 - 1203301?
-1203310
In base 2, what is -110 - -100001?
11011
In base 13, what is -12 + -2?
-14
In base 2, what is 11 + -1100010?
-1011111
In base 14, what is -12 + 7?
-9
In base 10, what is 1895 - -6?
1901
In base 14, what is 3 - 207?
-204
In base 8, what is 0 + 66?
66
In base 4, what is 113 - 3?
110
In base 4, what is 1023210 + 10?
1023220
In base 11, what is 3 + -2a92?
-2a8a
In base 14, what is 10 + 43c?
44c
In base 3, what is -121 + -100022?
-100220
In base 16, what is 7 + -9?
-2
In base 4, what is 1121030 + -11?
1121013
In base 5, what is 2 - -12431?
12433
In base 6, what is 1 - 555?
-554
In base 14, what is -1 + 58?
57
In base 3, what is -11 + 2121220?
2121202
In base 3, what is 10 - -12010?
12020
In base 9, what is 2 + -82?
-80
In base 8, what is -2555 - 0?
-2555
In base 13, what is -b + 311?
303
In base 6, what is 20432 - 0?
20432
In base 16, what is 381 - -13?
394
In base 4, what is 111 + 13?
130
In base 16, what is -1ea - -5?
-1e5
In base 11, what is 4 + 159?
162
In base 12, what is -2 - -6b?
69
In base 5, what is -1112 - -2?
-1110
In base 9, what is -66 - -180?
113
In base 2, what is 100 + 1001111110?
1010000010
In base 6, what is -25335 + 11?
-25324
In base 12, what is -14 + -10?
-24
In base 14, what is 8 + 59?
63
In base 8, what is 67 + -3?
64
In base 11, what is 9 + -a9?
-a0
In base 16, what is -c1 - f?
-d0
In base 11, what is -102 - -3?
-aa
In base 6, what is -3201 - 24?
-3225
In base 6, what is 5 + -1000?
-551
In base 8, what is -163 - 17?
-202
In base 10, what is 6 - 86?
-80
In base 3, what is -110 - 110?
-220
In base 13, what is 4 - 14?
-10
In base 10, what is -1051 + 3?
-1048
In base 13, what is -1164 + 6?
-115b
In base 8, what is -7 - 6?
-15
In base 2, what is 100001 - 101?
11100
In base 8, what is -154 - -4?
-150
In base 14, what is -16 + 2?
-14
In base 12, what is -85 - -52?
-33
In base 5, what is 4 - -403?
412
In base 12, what is -2 - -163?
161
In base 8, what is -2374 + -4?
-2400
In base 12, what is -85 + 30?
-55
In base 3, what is -12 + -1021?
-1110
In base 2, what is 10100 - 11?
10001
In base 10, what is 13 - 2?
11
In base 12, what is -133 + -5?
-138
In base 7, what is 102 + 43?
145
In base 16, what is -3 - -6?
3
In base 9, what is -1 + -632?
-633
In base 12, what is 1 - 282?
-281
In base 6, what is 102 - -110?
212
In base 9, what is -1 - -40?
38
In base 4, what is 11 + 23302?
23313
In base 10, what is -2202 - -15?
-2187
In base 6, what is 2410 - -2?
2412
In base 15, what is 4 + 1a?
1e
In base 2, what is 111101000 + -1?
111100111
In base 9, what is -17 + 140?
122
In base 3, what is 120 - 2?
111
In base 10, what is -26382 + -2?
-26384
In base 5, what is 142 + -133?
4
In base 13, what is 2b7 - 2?
2b5
In base 14, what is -59b + 2?
-599
In base 4, what is -320 + -3300?
-10220
In base 13, what is -5 - -12?
a
In base 6, what is -15 - -211?
152
In base 7, what is -323 - 15?
-341
In base 6, what is 3 - -1325?
1332
In base 16, what is -9e - -2b?
-73
In base 10, what is -6 - -6?
0
In base 2, what is -11 + 1111000111?
1111000100
In base 9, what is -78 + -342?
-431
In base 13, what is 45a - 2?
458
In base 12, what is 12 + 67?
79
In base 2, what is 10 - -10110010100?
10110010110
In base 16, what is -26 - 2?
-28
In base 7, what is -3 - -1302?
1266
In base 2, what is -10 + -100110?
-101000
In base 4, what is -3 + -20103?
-20112
In base 9, what is -308 - 20?
-328
In base 5, what is -224 + -1?
-230
In base 3, what is -100212 - -2011?
-21201
In base 11, what is 78 - 6?
72
In base 16, what is e + -4?
a
In base 12, what is 19 + 774?
791
In base 12, what is 4 - 2535?
-2531
In base 7, what is -15515 - 0?
-15515
In base 13, what is -3 + -a58?
-a5b
In base 5, what is 10 - -4002?
4012
In base 7, what is -3 - 141?
-144
In base 16, what is 1c + -1ed?
-1d1
In base 3, what is 11 + 111?
122
In base 6, what is 31 + -102?
-31
In base 8, what is -22 + -34?
-56
In base 2, what is -1000000000110 - 0?
-1000000000110
In base 13, what is 6 - -5?
b
In base 10, what is 4 - -2107?
2111
In base 16, what is -22 + 2?
-20
In base 8, what is 2 - 205?
-203
In base 7, what is -35 + -24?
-62
In base 16, what is ed - 0?
ed
In base 3, what is 22221 - -2?
100000
In base 11, what is 135 - 2?
133
In base 8, what is -131 - -125?
-4
In base 6, what is -5 + -31?
-40
In base 15, what is -b + -38?
-44
In base 4, what is -100 - -11?
-23
In base 7, what is -31104 + -2?
-31106
In base 5, what is -400 + 22?
-323
In base 13, what is -79 + -4?
-80
In base 16, what is 5 + -262d?
-2628
In base 15, what is -293 - 1?
-294
In base 7, what is -2602 + -2?
-2604
In base 10, what is 3176 - -4?
3180
In base 15, what is -1 - 133?
-134
In base 4, what is -13 + 332?
313
In base 10, what is -1 + -11?
-12
In base 8, what is 4 + -543?
-537
In base 16, what is 6 - -14?
1a
In base 11, what is -1 + 185?
184
In base 16, what is c + -34?
-28
In base 10, what is -6 + -37?
-43
In base 10, what is 122 - 2?
120
In base 3, what is 202 - -122210?
200112
In base 2, what is -1110010 - -10?
-1110000
In base 4, what is -31230 + -133?
-32023
In base 10, what is 45 + 13?
58
In base 4, what is -113003 + -10?
-113013
In base 14, what is -4 + -39?
-3d
In base 12, what is -4134 - -3?
-4131
In base 6, what is -5 + -5230?
-5235
In base 13, what is -50 + -5?
-55
In base 14, what is 315 - 5?
310
In base 7, what is 114 + -10?
104
In base 7, what is -46 - -10?
-36
In base 5, what is 1410 + -10?
1400
In base 9, what is -3 + -314?
-317
In base 8, what is 1405 - 4?
1401
In base 15, what is 5 + 1027?
102c
In base 4, what is -10021 + 10?
-10011
In base 11, what is -4 - -9a?
96
In base 4, what is -2 + 12210?
12202
In base 15, what is 11b + 2?
11d
In base 9, what is 3 - -102?
105
In base 2, what is -100101111 - 101110?
-101011101
In base 9, what is -2 + 4?
2
In base 14, what is -43d - 1?
-440
In base 15, what is -387 - 2?
-389
In base 5, what is -1 + -20?
-21
In base 9, what is 138 - 4?
134
In base 2, what is 0 + -11110000111?
-11110000111
In base 15, what is -1 - 41?
-42
In base 5, what is -12 + 111?
44
In base 10, what is 79 - -15?
94
In base 12, what is 280 - 0?
280
In base 12, what is 27 + 1?
28
In base 8, what is 1 + -452?
-451
In base 5, what is 4 + -214103?
-214044
In base 5, what is 3204 + 1?
3210
In base 14, what is -487 - 3?
-48a
In base 3, what is 101 + 1020?
1121
In base 11, what is -3 + 10a?
107
In base 8, what is 144 + -1?
143
In base 2, what is -1011101 + 10?
-1011011
In base 15, what is -b - -5?
-6
In base 2, what is 11 + -100110?
-100011
In base 5, what is 33122 - -22?
33144
In base 11, what is -5 + 60?
56
In base 6, what is 3 - 14?
-11
In base 2, what is 10000001101 - 0?
10000001101
In base 11, what is -4 + -1255?
-1259
In base 12, what is 5 - -2347?
2350
In base 9, what is -5 + -531?
-536
In base 11, what is -96 + 0?
-96
In base 7, what is -20 + 6?
-11
In base 12, what is -3 + -210?
-213
In base 6, what is 2 + 110?
112
In base 11, what is 242 - -1?
243
In base 12, what is 2 - -796?
798
In base 12, what is -30a - 1?
-30b
In base 5, what is -10 + 2112?
2102
In base 2, what is -1 - -10010?
10001
In base 6, what is -10531 - 0?
-10531
In base 2, what is 1011000000 + -10000?
1010110000
In base 7, what is -15 + 22?
4
In base 15, what is -2 + 28?
26
In base 4, what is -1 - -30200?
30133
In base 12, what is -1 - 566?
-567
In base 12, what is -105 - -2?
-103
In base 9, what is 2356 + 2?
2358
In base 9, what is 3 + -1474?
-1471
In base 6, what is 2 - 5311?
-5305
In base 15, what is 3d0 - 2?
3cd
In base 4, what is 11 + -2033?
-2022
In base 7, what is 106 - 464?
-355
In base 3, what is 2122002 + 11?
2122020
In base 13, what is -5 - -15?
10
In bas